3/2*k**2 + k**3 + 1/4*k**h. Give v(-4).
0
Suppose 0 = 4*h, -2*r - 12*h + 10 = -7*h. Suppose -4*u = r*v + 18 + 19, -4 = 4*v. Let s(g) = g**3 + 8*g**2 + g - 1. Determine s(u).
-9
Let o(k) = -3*k. Let d(s) = -s**3 + 5*s**2 - 11*s + 8. Let f(n) = d(n) - 5*o(n). Let c(a) = -5*a + 1. Let y be c(-1). What is f(y)?
-4
Suppose -3*g = -8 + 2. Suppose g = 3*m - 7, -6 = 3*b - 4*m. Let l(n) = -46*n + 380. Let v(q) = 21*q - 163. Let d(y) = -3*l(y) - 7*v(y). What is d(b)?
-17
Let s be 6/(485/(-90) + 6) + 2/11. Let j(p) = -6*p + 55. Determine j(s).
-5
Let h(u) = 93*u + 4461. Let y be h(-48). Let x(z) = z**3 + z**2 + 2*z - 6. Determine x(y).
-30
Let v(h) be the first derivative of -1/3*h**3 + 13*h - 3*h**2 - 9. Let q = -48 + 39. What is v(q)?
-14
Let c(x) be the third derivative of -x**4/6 + x**3/2 - x**2 - 18*x. Let z be c(2). Let q(p) = p**2 + 7*p - 3. What is q(z)?
-13
Let d(y) be the first derivative of y**4/4 + 13*y**3/3 + y**2/2 - 11*y - 2521. What is d(-13)?
-24
Let d be 0 + (-343)/(-77) + (-42)/(-77). Let p(k) = -14*k. Calculate p(d).
-70
Let u(m) = m**3 + 9*m**2 + 8*m + 7. Let d be (-72)/144*(1 - -1) - (5 - -2). What is u(d)?
7
Let f = 5 + -5. Let k(a) = 0*a - 118*a**2 + a - 126*a**2 - 124*a**2 + 3 + 369*a**2. Calculate k(f).
3
Let h(a) = -4*a - 3. Let l(w) be the first derivative of 21/2*w**2 - 22 + 14*w. Let z(q) = -11*h(q) - 2*l(q). Give z(4).
13
Suppose 2*v - 71 = 5*q - 18, -3*q + 5*v - 66 = 0. Let s(f) = 2*f**2 + 13*f - 17. Determine s(q).
-10
Let b = 1111 + -1090. Let a be -1 + (8 - 0)/1. Suppose b = -2*f + a. Let z(j) = -3*j - 9. What is z(f)?
12
Let u(l) = 8*l - 188. Suppose 529 = -23*q + 44*q + 2*q. What is u(q)?
-4
Let l(o) = o**2 - 58*o + 42 - 18 + 71*o + 9. Calculate l(-3).
3
Let u(p) = -27 + 6*p + 11*p + 8*p - 17*p + 3*p. Give u(6).
39
Suppose -3 - 27 = -6*g. Suppose -60 = -5*b - 4*u, 3 + 1 = -2*b + 4*u. Let s(r) = -6*r**3 + 8*r - 6*r**2 - 5*r + b*r**3 - r**3 + 4. Calculate s(g).
-6
Let s(t) = 8*t**3 + t**2. Suppose -4*u = 3*h - 46, -44 = -2*h + u - 17. Suppose -3*k + 3*i = h + 4, 3*i + 10 = -4*k. Let y be (-12)/8 - 2/k. Determine s(y).
-7
Let f(h) = -32*h + 62. Let x(y) = -13*y + 25. Let t(b) = -5*f(b) + 12*x(b). Suppose 4*o - 23 - 213 = 0. Suppose 4*g + o = 87. What is t(g)?
18
Let p(v) = -v**2 - 4*v - 5. Suppose -13*c - 8604 = -4*c. Let x = c + 951. Determine p(x).
-10
Let x(r) = -28*r + 12. Let z be ((29 - 21) + -9)/(1/3). Give x(z).
96
Suppose 0*y - 56 = 8*y. Let l(w) = -3*w - 14. Let h be l(y). Suppose h = -6*o - 17. Let a(b) = -b**3 - 5*b**2 + 5. What is a(o)?
-11
Let b be (4/(-3) - 0)/(1600/7200). Let h(p) = p**3 + 4*p**2 + 7*p + 1. Let u(q) = -2*q**3 - 9*q**2 - 14*q - 3. Let l(a) = 5*h(a) + 3*u(a). Determine l(b).
2
Let n(l) = 19 - l**2 + 11*l - 9 - 5*l. Suppose 26 = 3*h - 10. Suppose g - h = 4*a, g + a = -0 + 7. Calculate n(g).
-6
Suppose -11 = 14*u - 33 + 8. Let r(c) = 36*c. Give r(u).
36
Let w = 264 + -169. Suppose -9*j - 194 = -w. Let p(i) = i**2 + 12*i + 11. What is p(j)?
0
Let o(n) = 7*n**2 - 2*n**3 - 6*n**2 - 10*n + 6 + 8*n**2 + n**3. Let w be (-3 + 10/6)*(-282)/47. Calculate o(w).
-10
Let x(a) be the first derivative of -5*a + 62 - 1/3*a**3 + 3*a**2. What is x(5)?
0
Let g(y) = -15 - 24 - 8 + 2*y - 23 + 52. Give g(28).
38
Let a(r) = -3*r**2 - 1. Let d(v) = 10*v**2 + 4*v - 9. Let c(z) = -3*a(z) - d(z). Calculate c(-5).
7
Suppose -5*z = q - 13, -2*z + 16 = -5*q - 0. Let v(u) = -u**2 - 1. Let c be v(q). Let t(x) = 56 - 4*x + 6*x - x - 53. What is t(c)?
-2
Let t(y) = -2*y + 4. Let l(c) = 9*c + 597. Let w be l(-68). Calculate t(w).
34
Let n(d) = 29*d - 201. Let a be n(7). Let j(u) = 12*u + a + 2 + 6*u - 16*u. What is j(-6)?
-8
Let o(f) be the first derivative of f**4/12 + 8*f**3/3 + 21*f**2/2 + 217*f + 17. Let q(c) be the first derivative of o(c). Give q(-15).
6
Suppose -1 = -2*j + 9. Suppose 6 = -o - 3*y + j, 0 = 2*y - 2. Let r(l) = l**3 + 2*l**2 + 2*l + 4. What is r(o)?
-36
Suppose -3*k - 13 = -g, 2*g + 7 = 3*k - 3*g. Let x be (2/(2 + k))/((-3)/6). Let u(i) = 3*i**2 + x - i**3 - 1 + 0. Determine u(3).
0
Let o(b) = -18*b**3 - 2*b**2 - 2*b**2 + 19*b**3 - 3. Suppose 0 = -u - u - 6, -3*q + 2*u = -69. Suppose 7 + q = 7*h. Determine o(h).
-3
Let q(t) = 5*t**3 - 38*t**2 + 20*t - 17. Let o be q(7). Let s(p) = -p + 11. Determine s(o).
35
Let y be 3954/27 + 8/(-18). Suppose -131 = -3*m - y. Let n(j) = j**2 + 6*j - 5. Determine n(m).
-10
Suppose 0 = 2*z - 0*k - 2*k + 8, z + 10 = -5*k. Suppose 0 = -13*t + 77 + 131. Let x(a) = -17*a**2 + 1 - 3*a + t*a**2 - 3. What is x(z)?
-12
Let o(v) be the second derivative of -v**4/12 + 2*v**2 - 271*v + 5. Let j be (3/(-2))/(3/(-8)). Let q = j - 1. Give o(q).
-5
Let m(r) = -10*r + 1. Let n be m(3). Let g = n + 26. Let s(f) = -12*f**2 - 5*f - 4. Let i(j) = 10*j**2 + 5*j + 4. Let d(w) = -5*i(w) - 4*s(w). Give d(g).
-7
Let x(o) be the third derivative of -o**5/30 - 3*o**4/8 - 7*o**3/6 + 5*o**2 + 5. Let m(z) = -z**2 - 8*z - 8. Let d(w) = 3*m(w) - 2*x(w). Give d(8).
6
Let g(c) = -5*c - 3. Let x(h) = h**2 - 15*h - 77. Let l be x(-4). Let o be l + (-26)/12 + (-83)/(-498). Give g(o).
12
Let b(z) = -82*z - 32. Let h be b(-3). Let i = 207 - h. Let c(u) = -2 + 4 - 2*u + u - 5. What is c(i)?
4
Let i(q) be the third derivative of q**5/60 + 5*q**4/24 - q**3/3 + 304*q**2. Let y be ((-5)/(-3))/((-2)/(-6)). Let r be y/(-20) + 19/(-4). Determine i(r).
-2
Let d(p) = 2*p**3 - 21*p**2 - 9*p + 5. Let c(m) = m**3 - 19*m**2 - 8*m + 5. Let j(h) = 3*c(h) - 2*d(h). Give j(-15).
95
Let n(i) = -11*i**3 + i**2 + 2*i - 108. Let j(u) = 5*u**3 - u + 50. Let q(h) = -13*j(h) - 6*n(h). Determine q(6).
4
Suppose -4*g = -17*g + 26. Let q(x) = -170*x**3 + 7*x**g + 7*x + 11*x + 169*x**3 - 6. Calculate q(9).
-6
Suppose -220 + 196 = -12*d. Let w(h) be the first derivative of -12 - 1/2*h**d - h. Determine w(-8).
7
Let r = -7824 + 7825. Let x(w) be the third derivative of 2*w**4/3 + w**3/6 + 3*w**2. Give x(r).
17
Let x(p) = -6*p - 3. Suppose -28*v - 11*v + 330 = 71*v. Give x(v).
-21
Let l(p) = p**3 - 2*p**2 - 3*p + 4. Let f be -7 + 2 + -8 + 14. Give l(f).
0
Let x(t) be the second derivative of 13*t**4/4 + t**2 - 166*t - 1. Determine x(-1).
41
Suppose 5*h - 2*c + 1 = 0, -3*c - 2 = h - 12. Let p(l) = 31*l**2 + 9*l - 5. Let u(o) = -2*o**3 + 37*o**2 + 11*o - 6. Let y(k) = -6*p(k) + 5*u(k). What is y(h)?
-10
Let z(a) be the second derivative of a**3/6 + 19*a**2/2 - 28*a. Let u be 84/(-630) + (-4)/(-30). What is z(u)?
19
Let f(q) = -7*q + 43. Let j(n) = -3*n**2 - 80*n - 300. Let a be j(-22). Give f(a).
-13
Suppose -15*v + 26 = 44 + 42. Let b(a) be the third derivative of -7*a**4/24 + a**3/2 + 2*a**2. Let s(d) = 6*d - 3. Let l(k) = 4*b(k) + 5*s(k). Calculate l(v).
-11
Let k(c) = 2*c**2 + 9*c. Let p(z) = 5*z**2 - 2*z - 2. Let a be p(-1). Suppose 0 = -t + 4*y + 6, 3*y = -a*t + y - 36. Give k(t).
18
Let o be (1/(-3) + 2/(-3))*1. Let m be (o + 1)/((-6)/6). Let s(f) = f - 3. What is s(m)?
-3
Let k(x) = 5*x**3 + 1299*x**2 - 25*x - 11 + 69*x - 1322*x**2 - 22 - 4*x**3. Calculate k(21).
9
Let w(x) = x**2 - 5*x + 6. Let o = -77 - -48. Let r(g) = 8*g - 21. Let h be r(7). Let p = o + h. What is w(p)?
12
Suppose 2*c - 3*y = -4, c - 135 = -5*y - 124. Let t(s) = 65*s - 59. Calculate t(c).
6
Let o = 18 - 16. Let h(p) = p**3 - 3 - 3*p**3 + 4*p**o + 3*p**3 + 0. Let m(c) = -c**2 - 3*c + 14. Let i be m(-6). Give h(i).
-3
Suppose -3*k + y = -10, -3*y + 10 - 8 = -k. Let a(q) = 8*q**2 - 15*q + 21. Calculate a(k).
89
Let u(a) = 6*a**2 - 141*a + 68. Let h be u(23). Let x(m) = -2*m**3 + m + 1. Determine x(h).
2
Let u(f) = -f**2 + f + 1. Suppose -15 + 57 = 3*q. Suppose -3*a = -q - 1. Let l be (1*-1)/(a + -6). Give u(l).
1
Let h(t) = -t**2 + 8*t - 2. Let r(i) = -563*i - 5070. Let x be r(-9). What is h(x)?
-35
Suppose 9*s + 6*m + 109 = 4*s, -5*s = 4*m + 111. Let c(w) = -4*w - 56. Give c(s).
36
Let h = 5025 + -5025. Let s(v) be the second derivative of 1/6*v**3 - 1/2*v**2 + h - 16*v. Give s(0).
-1
Let o(q) = q**3 - 10*q**2 - q + 5. Let g = -5 - -7. Suppose g*r - 27 = -h, 3*r - 6 = -3. Let p = 35 - h. Give o(p).
-5
Suppose -2*h - 4 = -3*h. Suppose -h*x - 29 + 241 = -2*l, 5*x - 279 = -l. Let b = x + -52. Let g(i) = -i**3 + 2*i**2 + i + 2. Give g(b).
-4
Let z(w) = 21*w - w**3 - 14 + 8*w**2 - 12*w - 11*w - 3*w - 25. Determine z(4).
5
Let h(l) = 6*l**2 + 2*l + 1. Let g = -367 + 38